4)*(r - 420). Suppose -4*k + p = -k. Is k a composite number?
False
Let q(a) be the second derivative of -2/3*a**3 + 28*a + 0 - 25/2*a**2 + 43/12*a**4. Is q(6) composite?
False
Suppose -8*a + 84 = 68. Suppose 4*n - y - 30 = 0, 17*n = 16*n + 3*y + a. Suppose 9*m - n*m - 293 = 0. Is m a composite number?
False
Let i(s) = -50614*s - 2329. Is i(-15) prime?
True
Let l(o) = 3*o**2 - 62*o - 16. Let x be l(21). Let s(i) = 332*i**2 - 5*i - 12. Is s(x) prime?
True
Suppose 20*h + 22104 = 28*h. Is (h/(-6))/((-18)/24) a prime number?
False
Let u be -2 + (1 - 5) + 11002. Suppose -5*p + 36221 = u. Is p composite?
True
Let h be -39*(-3 - 11/(-3))/1. Let x be (0 - 0) + 30 + h. Is 4 + -2 - (x + -45) a prime number?
True
Suppose -35*i + 34*i = 0, 450074 = 2*m - i. Is m a composite number?
False
Let h(s) be the third derivative of 35*s**4/12 + 13*s**3/6 - 11*s**2 + s. Is h(3) a composite number?
False
Let t(p) = -40*p + 17. Let f be t(2). Let o be (-10480)/(-18) - (-14)/f. Let n = o - 185. Is n a prime number?
True
Is -6*30/900 - (0 - (-2390946)/(-5)) prime?
True
Let f = 119 + -115. Let w be f/(-22) + (6 - 272/(-44)). Suppose 0 = -9*a + w*a - 3849. Is a composite?
False
Let b = 1649027 + -1157928. Is b composite?
True
Let q be (-16)/(-3) + -2*6/36. Suppose 4*m - 5920 = -4*p, q*p = -4*m + 2*p + 5917. Is m composite?
True
Let p be 4 - ((-96)/8)/(-12). Let x(r) = -r**2 + 11*r - 8. Let l be x(10). Suppose 5*g - l*h - 5853 = 0, -g + p*h = 185 - 1366. Is g a composite number?
True
Suppose -2*u = 4*h - 195642, 53*h - 54*h - 293421 = -3*u. Is u prime?
False
Let t(v) = v**3 + 4*v**2 + 6*v + 45. Let l be t(-4). Let u(a) = a**3 - 12*a**2 - 42*a - 1. Is u(l) composite?
True
Is (10 + -16 - (6059/2 + -2))*-14 prime?
False
Let v = -11 + 410. Suppose -3*n + 6 = u, 2*n - 4 = 3*u - 0. Suppose 5*s - v - 26 = u. Is s a composite number?
True
Let n = -55620 - -95711. Is n composite?
True
Let b = 744 + -583. Let m = -485 + 1175. Let u = m + b. Is u a composite number?
True
Let f(p) = 46061*p**3 + 26*p**2 - 30*p + 4. Is f(1) a prime number?
True
Suppose 2*b = -4, -2*b - 94 = 4*t - 30. Let p be (-485)/t*3 - 0. Suppose 5*z + 1453 = 2*q + p, -4*q = 4*z - 2684. Is q a composite number?
False
Let b = -98 - -98. Suppose b = 6*x - x - 3*k + 2033, -2*x - 3*k - 830 = 0. Is 4 + (3 + -3 - x) prime?
False
Let p(s) = -s**2 - 15*s - 23. Let u be p(-13). Suppose 0 = 5*l + u*x - 1062, -5*x = 2*l - 0*x - 440. Is l - (4 - 1 - 2) prime?
False
Let s be -8*(27/(-6))/9. Suppose 4*v = -s*p + 80, 4*p - 5*v - 14 = 39. Suppose -1259 = 16*i - p*i. Is i composite?
False
Suppose -4*j - 5*y + 0*y + 28712 = 0, -2*j - 3*y + 14358 = 0. Let n = -878 + j. Is n a prime number?
False
Suppose 4162327 + 1743605 = 12*m. Is m a composite number?
True
Let a = -2369894 - -3646795. Is a prime?
False
Is (15 - 34 - -85292)*1 composite?
True
Let t(b) = -b + 258*b**3 + 4*b - 15*b**3 + 0 - 1. Suppose 3 = 3*l + 4*g - 5*g, g = 3. Is t(l) composite?
False
Suppose 5*n + 46550 - 16154 = 4*b, -5*n + 2*b - 30398 = 0. Let y = 3329 + 5404. Let a = n + y. Is a a prime number?
False
Suppose 2*s + 1943 = u, 2*s - 1397 = -2*u + 2525. Suppose -4*a = -5161 + 705. Let l = u - a. Is l a prime number?
False
Let c = 50 - 101. Let r = c + 61. Let u(b) = 26*b - 1. Is u(r) a prime number?
False
Suppose v - 3*s + 0*s + 5636 = 0, -22512 = 4*v + 4*s. Let c = v - -11576. Is ((-1)/(-1))/(6 + (-35670)/c) composite?
False
Let h = 14 + -12. Suppose -h - 22 = 4*d. Is (-4)/(24/381)*d a prime number?
False
Let h(k) = -2*k + 30. Let l be h(15). Suppose l = -35*c + 30*c - 345. Let x = -30 - c. Is x composite?
True
Suppose -96 = 14*o - 1482. Let r = o - 96. Is 4 + (r - (-1 + (1 - 6794))) prime?
False
Let v = -28334 - -44197. Is v a prime number?
False
Suppose -13*p - 10856323 + 12723633 = -12748967. Is p prime?
False
Let i(d) = -15*d**3 + 9*d**2 - 11*d + 7. Let t be i(-9). Suppose -5*g - 6 = -2*j, -3*j + 40 = j + 4*g. Suppose 2*q = -j*q + t. Is q a prime number?
False
Let i = -213 + 224. Suppose 9*r = i*r - 1942. Is r composite?
False
Suppose -22457847 - 76761080 = -47*y. Is y a prime number?
True
Let b be -874*((-3 - -2) + -3). Let q(x) = 3*x + 37. Let y be q(-10). Suppose -y*i = -459 - b. Is i composite?
True
Let u(i) = -55*i**3 + 13*i**2 + 46*i + 213. Is u(-8) a prime number?
True
Suppose -332 = -y + 3*a, -14*y + 18*y - a = 1350. Suppose 248 = 2*f - y. Is f prime?
True
Suppose 0 = y + 5*f + 17, 4*f - 5 = y - 33. Suppose -6 = w + y. Is (w/3)/(36/(-2862)) prime?
False
Let p be (63/28)/((-3)/(-8)). Suppose r = -1 + p. Suppose -d + r*h = -380, 2*d - 335 = d - 4*h. Is d a prime number?
False
Let s(x) be the first derivative of -65*x**4/4 - 5*x**3/3 - 3*x**2 + 5*x + 76. Is s(-7) prime?
False
Let q be 4/(16/2 - 4)*3. Suppose -q*y + 52 = y. Let r = y - -40. Is r composite?
False
Suppose 28*h = -196696 + 445992 + 644408. Is h a composite number?
True
Suppose -43*t - 16 = -47*t. Suppose 4*d - 54 = -k + 7, t*d + 5*k - 81 = 0. Is -2*(-2309)/(-6)*(-42)/d composite?
False
Let m(r) = 23*r**2 + r. Let c be m(-1). Let i(p) = -2*p**2 + 48*p - 27. Let f be i(c). Let x = f + -36. Is x composite?
True
Suppose -9 = 4*o + 5*h, -o - 11 = 2*h + h. Suppose v + o = 2*v. Suppose 4*a - 1252 = 4*q, -a - a + 618 = -v*q. Is a composite?
False
Let m(b) = 27*b**3 + 19*b**2 - 57*b + 58. Is m(5) composite?
False
Let x be (0 + 0)/(3/3). Suppose 4*a - 2*l - 1188 = x, -2*a + a - 3*l = -290. Let k = a - 39. Is k a composite number?
False
Let n(p) be the first derivative of p**4/4 + p**3/3 - p**2/2 + 2*p + 4. Let d be n(4). Suppose i - 399 = -d. Is i a composite number?
True
Let v(h) = -29*h**3 - 7*h**2 - 39*h - 1043. Is v(-32) a composite number?
True
Let y(b) = 371*b + 1 - 372*b - 2. Let s be y(5). Is (-3)/s*(3 - -635) a prime number?
False
Let c = -187 - -192. Suppose -c*g + 2468 = -2477. Is g a prime number?
False
Is ((-156)/(-208))/((-1)/(-4937852)*3) a prime number?
True
Suppose 74*z + 72991 = 16*z - 21375. Suppose 3*n + 3186 = -4416. Let i = z - n. Is i composite?
False
Suppose 6*r - 121 + 55 = 0. Suppose 7*t + 116404 = r*t. Is t composite?
False
Is (-2)/(-13) - 2039922/(-26)*222/666 prime?
True
Let h(u) be the third derivative of -u**4/12 - 2*u**3 + 20*u**2. Let f be h(-7). Suppose f*x - 32 - 70 = 0. Is x a composite number?
True
Let b = 129 - 39. Let r = b - 102. Is (-8703)/(-3) - r/(-3) a composite number?
False
Let c(l) = 9*l + 25. Let i be c(-9). Let v be 188/(15/(-20) + (-46)/i). Is (-6 - v)*4/(-8) composite?
False
Let g(c) be the third derivative of 19*c**6/360 + c**5/40 - 3*c**4/8 + 5*c**3/6 - 16*c**2. Let l(p) be the first derivative of g(p). Is l(4) composite?
False
Let g be (5 - 9)*(-5)/(10/8). Suppose 0 = o + 3*o - g. Suppose 0 = 2*n + 3*w - 540 - 1111, 3*n - o*w = 2451. Is n prime?
True
Let o(h) = -8*h + 34. Let s be o(12). Let q = s - -74. Suppose -9*n - 1905 = -q*n. Is n a prime number?
False
Suppose 8*b = 6*b + 8. Suppose 18856 = -b*n + 54620. Is n prime?
True
Is ((-2)/(-16))/((-13)/(-2854696)) composite?
False
Suppose 5*t - 10*g = -12*g + 293161, -g = -5*t + 293167. Is t a composite number?
True
Let b = 8073 - -10577. Suppose 16*a - b = 374. Is a composite?
True
Is 67482 + 99 - ((1 - 3) + -6) a composite number?
False
Let d(g) = 11*g + 50. Suppose -16*r + 127 = -17. Is d(r) a composite number?
False
Let k(p) = -8 + 1 - 1 - 4 - p. Let w be k(-14). Suppose 0 = -7*q + 2*q + w*l + 187, -4*q + 147 = l. Is q a composite number?
False
Let w be 5/(-60)*-15 + (-22)/(-8). Suppose 2*b - 758 = w*g, 2*b + 0*b - 773 = g. Is b a prime number?
True
Suppose -313*i = -312*i + 2*p - 12761, 0 = -p + 2. Is i composite?
False
Let m = 54428 - 29947. Is m prime?
True
Suppose 10*k = 8*k + 8. Suppose -328 = k*v + 3484. Is v/2*(2 - 4) a prime number?
True
Let c = 217 + -88. Let h(r) = 870*r - 7 - c*r + 2718*r + 1. Is h(1) a prime number?
False
Suppose -6*m + 103 - 37 = 0. Let p = m + -11. Is -3*(-1 - p - (-12752)/(-24)) a prime number?
True
Suppose -34*p - 104 = -36*p. Is 3489 - (34/(-8) - (-13)/p) a composite number?
True
Let j(u) = -831*u**3 + 67*u**2 + 10*u - 25. Is j(-8) prime?
False
Is (-20)/30 - (-836238)/18 a prime number?
True
Suppose -5*u = -25 - 0. Let k(c) = 3*c**3 + 8*c**2 - 6*c - 5. Let b be k(u). Suppose 2*n - 1766 = -3*r, 2334 - b = 2*n - 4*r. Is n a prime number?
False
Suppose 3*d - 10 = 